f x?
6
Suppose 12*s - 18 = -6. Let d(a) = -a**3 + a**2 - a - 1. Let c(h) = -12*h**3 - 4*h**2 + 3*h + 3. Let n(t) = -c(t) - 3*d(t). What is the units digit of n(s)?
6
Suppose -2*p = 5*r - 14 + 4, 2*p - 6 = -3*r. Suppose p = q - 5 + 1. What is the units digit of 1 + 3*q - 3?
0
Let x = 650 - 292. What is the hundreds digit of x?
3
Suppose -486 = -7*a + 5*a. What is the units digit of a?
3
Let s be (-7 - 67)/(0 + 1). Let t = -11 - s. What is the units digit of t?
3
Suppose a + 3*u - 39 = 5*u, 5*a + 2*u - 195 = 0. Suppose 5*t - 2*i - a = -6*i, 0 = -2*t + i + 13. What is the units digit of t?
7
Let g(i) = 4*i**3 + 2*i**2 - 1. Suppose -3*w + 4*v = -7, 2*w - 3*w = -3*v - 4. Let z be g(w). Suppose 40 = z*o - 90. What is the units digit of o?
6
Let g(o) = 2*o + 16. Let m be g(-6). Suppose 6*n = 7*n + m. What is the tens digit of n - -2 - (-1 + -46)?
4
What is the hundreds digit of (8/14)/(8/19628)?
4
Let r be (-28)/(-3) + (-6 - 60/(-9)). Suppose 140 = 2*f - r. What is the tens digit of f?
7
Let z(y) = 97*y - 2. Let b be z(2). Suppose -3*w + w + 8 = 0, 0 = 4*g + 2*w - b. What is the tens digit of g?
4
What is the hundreds digit of ((-50)/(-5))/(-2) - -515?
5
Let g(s) = -s**3 - 6*s**2 + 7 + 3 - 9*s + 15*s + 17*s**2. What is the tens digit of g(6)?
2
Let f(p) = p**3 - 6*p**2 + 5. Let r be f(6). Suppose 3*u = -2*v - v + 117, 193 = r*v + 4*u. What is the units digit of v?
7
Suppose -32 = 4*l + 64. Let v(t) = -2*t**3 - 9*t**2 + 5*t - 5. Let g be v(-5). What is the units digit of (l - g)*(-1 - 0)?
9
Suppose -2263 = -4*b - 4*l + 501, -2*b + 1361 = -5*l. What is the tens digit of b?
8
Let x = -949 - -2822. What is the units digit of x?
3
Let p(u) = 146*u**2 - 11*u - 1. What is the tens digit of p(2)?
6
Let r(g) = g**2 + 6*g + 12. Let p be r(-5). Let v = -17 + 46. Suppose 3*x - v - p = 0. What is the units digit of x?
2
Let d be 5/5*-2*-113. Let j = d + -115. What is the hundreds digit of j?
1
Suppose 11 = -6*k + 5. Let c(t) = -38*t - 3. What is the tens digit of c(k)?
3
Suppose o - 14 = -4*s, -3*o + 5*s = -0*s - 110. Let m be (-52)/6 + o/45. Let f = 21 - m. What is the units digit of f?
9
Let t(k) = k**3 - 18*k**2 - 16*k - 9. Let i(z) = -2*z**3 + 19*z**2 + 17*z + 10. Let d(a) = -2*i(a) - 3*t(a). What is the hundreds digit of d(-14)?
2
Let x = -5 + 33. Let l be (-4)/x - (-148)/7. Suppose -4*p = -v + 3*v - 32, 3*p - l = -3*v. What is the units digit of p?
9
Let q(s) = -58*s**3 - 2*s**2 - 2*s - 1. Let n be q(-1). Let x = n - -2. What is the units digit of x?
9
Let z(o) = -o**3 - 24*o**2 - 53*o - 3. What is the hundreds digit of z(-22)?
1
What is the units digit of ((-1)/2)/(25545/(-2838) + 9)?
3
Let q(l) = l**3 - 18*l**2 - 98*l - 34. What is the hundreds digit of q(23)?
3
Let l = -1496 + 2866. What is the units digit of l?
0
What is the hundreds digit of ((-4)/(-10))/((-8)/(-17000))?
8
Suppose 3*v - 2*v - 9 = 0. What is the hundreds digit of (((-42)/v)/(-7))/(4/1314)?
2
Let d = -10 - -8. Let l be -4*(2/(-4) - d). What is the units digit of 1/((-19)/l + -3)?
6
Suppose 33*r = -21*r + 273510. What is the tens digit of r?
6
Suppose -3*p = -0*p - 450. What is the hundreds digit of p?
1
Let u = -17 + 20. Suppose 17 = 2*m - 3*g, -m = 3*m + 2*g + 6. Suppose j - 9 = -3*h, 5*j - 44 - m = u*h. What is the units digit of j?
9
Let w = -327 + 347. What is the tens digit of w?
2
Let v be (1/(-2)*0)/(-1). Let a(g) = g**3 - g - 10. Let h be a(v). Let l = h - -13. What is the units digit of l?
3
Suppose 0 = -o - 5*k - 11 - 4, -2*o + k = -3. Suppose -5*f + 0*l = -l - 1246, o = f - l - 246. What is the hundreds digit of f?
2
Let b be 2/(-2)*(6 + -13). What is the units digit of (861/12)/b*12 - 2?
1
Suppose -4*w = -2*w - 12. Suppose p = -2*p + 15. Suppose w*u - 17 = p*u. What is the units digit of u?
7
Let c = -5 - -7. Suppose -q = -c, b - 12 = 4*q - 2*q. Let r = b - 12. What is the units digit of r?
4
Let l(u) = -u**3 - 2*u**2 + 2*u + 7. Suppose -4*z + 2*g + 2 = -2*z, 4*z - 3*g = 0. What is the tens digit of l(z)?
1
Suppose -3*r = -3*p - 9, -2*p = -7*p + 4*r - 10. Let h(d) = -d - d + 41*d**2 - 40*d**p. What is the units digit of h(-7)?
3
Suppose 0 = -3*d - 55 + 70. Let o be 9 + -11 + d*1. Suppose -5*x + 154 = -o*x. What is the units digit of x?
7
Let q = -20 - 0. Let x be (-12)/q - 468/5. What is the units digit of (x/(-9))/((-2)/(-6))?
1
Suppose -3*a - 3*a = -822. Let n = 67 - a. Let b = n - -107. What is the tens digit of b?
3
Suppose -w + 6 = w. Suppose 0 = -7*h + w*h + 428. What is the units digit of h?
7
Suppose 10*v + 2*v + 1380 = 0. Let t = v + 281. What is the units digit of t?
6
Suppose 0 = -2*a - 0 + 2. Let x be (-12 + a)*1*1. Let r = x + 43. What is the tens digit of r?
3
Let x(t) = -7*t - 10. Let r be (-9)/(-6) - 2/(-4). Suppose 3 = r*l + 11. What is the units digit of x(l)?
8
Suppose -4*p + 7 + 13 = 0. Suppose 3*k + 62 = p*k. What is the units digit of k?
1
Suppose -4*p + 3*n = p - 15078, -3*p + 9074 = 5*n. What is the thousands digit of p?
3
Let c(j) = 13*j**2 + 14*j - 12. What is the units digit of c(7)?
3
Let h = 23 + -18. Suppose f = -3*t + 50, h*t - t - 53 = -f. What is the tens digit of f?
4
Let a(o) = 2*o**3 - 6*o**2 - 16*o + 3. What is the tens digit of a(10)?
4
What is the units digit of 5439/15 + (-13)/((-585)/18)?
3
Suppose 10*x + 244 = 4*t + 6*x, -4*x = -t + 52. What is the units digit of t?
4
Suppose 6*a = 4*a - 12. Let p(j) = -j**2 - 3*j + 4. Let t be p(a). What is the units digit of (t/(-5))/((-2)/(-20))?
8
Suppose -5*m = 3 - 18. Suppose m*l = -2*l + 520. What is the tens digit of l?
0
What is the units digit of 8/(-88) - 14360/(-55)?
1
Suppose h + 7*h = 2096. Let g = -155 + h. What is the hundreds digit of g?
1
Suppose -10*h - 18 = -7*h. Let t(s) = -s**3 - 6*s**2 - 3*s + 3. Let g be t(h). Suppose -3*r + 0*r = -g. What is the units digit of r?
7
Let r = 9932 - 6360. What is the hundreds digit of r?
5
Let w = 30 + -36. Let i(o) = -o**3 - 3*o**2 + 11*o. What is the units digit of i(w)?
2
Let s = 1019 - 658. What is the units digit of s?
1
What is the units digit of (146 + 5 + -5)*(-1)/(-2)?
3
Let a = 8 + -6. Suppose 3*s - 72 = -0. What is the units digit of 160/s*3/a?
0
Let o = 2252 - -575. What is the tens digit of o?
2
What is the hundreds digit of ((-23952)/36)/((14/(-3))/7)?
9
What is the hundreds digit of (-7734)/(-16) - (-54)/(-144)?
4
Let y(o) = -2*o - 50. Let d be y(-26). What is the tens digit of (6 - 9)*(-56)/d?
8
Suppose 0 = -4*v + v + 6. Suppose 4*h - 5*y + 8 = 0, -4*y + 13 = h - v*h. What is the units digit of h?
3
What is the hundreds digit of (-2 - 0 - -3)/((-5)/(-1320))?
2
Let d(w) = -w**3 + 2*w - 9. Let c be d(0). What is the tens digit of (c/((-9)/(-2)) - -3)*163?
6
Suppose 3*z + 2*z = 5*d + 175, 0 = -4*d - 20. What is the tens digit of z?
3
Let b(t) be the third derivative of -7*t**4/24 - 5*t**3/3 - 8*t**2. Let a be b(-4). What is the units digit of a + (1 - (3 + 0))?
6
Let n(y) be the second derivative of 8*y**3/3 - 7*y**2/2 + 3*y. Let l be n(3). Let j = -18 + l. What is the tens digit of j?
2
Suppose -2*b + l + 8 = 0, -4*l + 2*l = -5*b + 20. Suppose 132 = -b*q + 5*q. What is the tens digit of q?
3
What is the hundreds digit of -4 - 46515/(-10)*44/33?
1
Let h(g) = 161*g**3 + 4*g**2 - g - 6. What is the thousands digit of h(2)?
1
What is the tens digit of (-1 - -3)/(12/132)?
2
Let z(a) = -3*a - 2. What is the tens digit of z(-13)?
3
Let g(d) = d**3 - 7*d**2 - 6*d - 11. What is the units digit of g(8)?
5
Let n = -821 - -1691. What is the hundreds digit of n?
8
Suppose -6930 = -5*a - 5*j, 3*a - 3*j - 2*j - 4118 = 0. What is the tens digit of a?
8
Suppose -46008 = -44*c - 27*c. What is the tens digit of c?
4
Let t be (-2 - (-28)/8)*182. What is the tens digit of (t/9 + -3)/(4/12)?
8
Let l be (-2)/(-4) - 60/8. Let v(f) = 20*f + 10. Let q be v(l). Let p = q - -191. What is the tens digit of p?
6
Suppose -6*i = -8467 - 9509. What is the tens digit of i?
9
Let h = 2 + 0. Let v(l) = -2*l + l**h - 2*l - 4*l + 3*l - 6. What is the units digit of v(9)?
0
Let u be (4 + (-7)/2)*24. Suppose u*d - 70 = 11*d. What is the tens digit of d?
7
What is the hundreds digit of 380 + -1*(-14)/(-7)?
3
Suppose -3*o = -6*o - 4*u + 142, 0 = -4*o + 5*u + 241. Let b be 6/(-12)*10 + -19. Let g = o + b. What is the tens digit of g?
3
Suppose 25*t - 2121 = 22*t. What i